{"id":1216,"date":"2018-06-04T17:17:20","date_gmt":"2018-06-04T15:17:20","guid":{"rendered":"http:\/\/residencedespins.ddns.net\/heiva-nui\/?page_id=1216"},"modified":"2018-06-04T17:17:20","modified_gmt":"2018-06-04T15:17:20","slug":"fete-de-la-musique-a-geneve-du-vendredi-22-au-dimanche-24-juin-2018","status":"publish","type":"page","link":"http:\/\/residencedespins.ddns.net\/heiva-nui\/?page_id=1216","title":{"rendered":"F\u00eate de la musique \u00e0 Gen\u00e8ve du vendredi 22 au dimanche 24 juin 2018"},"content":{"rendered":"\n<table id=\"tablepress-14\" class=\"tablepress tablepress-id-14\">\n<tbody class=\"row-hover\">\n<tr class=\"row-1 odd\">\n\t<td class=\"column-1\"><p style=\"color:transparent; width:50px;\"><\/p><\/td><td class=\"column-2\"><strong>Vendredi 22 juin 2018<\/strong><\/td>\n<\/tr>\n<tr class=\"row-2 even\">\n\t<td class=\"column-1\">18h30<\/td><td class=\"column-2\">Ouverture de la caisse, cantine, buvette<\/td>\n<\/tr>\n<tr class=\"row-3 odd\">\n\t<td class=\"column-1\">19h00<\/td><td class=\"column-2\">Grand spectacle polyn\u00e9sien sur la sc\u00e8ne de la Place de Neuve d\u2019environ une heure (danses, chants, musiques en costumes traditionnels) avec comme th\u00e8me, \u00ab<a href=\"http:\/\/www.pewtrusts.org\/fr\/research-and-analysis\/issue-briefs\/2016\/04\/rahui-nui-no-tuhaa-pae\" rel=\"noopener\" target=\"_blank\">La protection des oc\u00e9ans<\/a>\u00bb, la caisse, la cantine et la buvette restant ouvertes jusqu\u2019\u00e0 01h00<\/td>\n<\/tr>\n<tr class=\"row-4 even\">\n\t<td class=\"column-1\">01h00<\/td><td class=\"column-2\">Fin de la 1\u00e8re journ\u00e9e<\/td>\n<\/tr>\n<tr class=\"row-5 odd\">\n\t<td class=\"column-1\"><\/td><td class=\"column-2\"><strong>Samedi 23 juin 2018<\/strong><\/td>\n<\/tr>\n<tr class=\"row-6 even\">\n\t<td class=\"column-1\">09h00<\/td><td class=\"column-2\">Ouverture de la caisse, cantine, buvette<\/td>\n<\/tr>\n<tr class=\"row-7 odd\">\n\t<td class=\"column-1\">14h00<\/td><td class=\"column-2\">Grand spectacle polyn\u00e9sien sur la sc\u00e8ne de la danse de l\u2019<a href=\"https:\/\/adc-geneve.ch\/\" rel=\"noopener\" target=\"_blank\">ADC<\/a> \u00e0 la Cour des Casemates d\u2019environ une heure (danses, chants, musiques en costumes traditionnels) avec comme th\u00e8me, \u00ab<a href=\"http:\/\/www.pewtrusts.org\/fr\/research-and-analysis\/issue-briefs\/2016\/04\/rahui-nui-no-tuhaa-pae\" rel=\"noopener\" target=\"_blank\">La protection des oc\u00e9ans<\/a>\u00bb, la caisse, la cantine et la buvette restant ouvertes jusqu\u2019\u00e0 01h00<\/td>\n<\/tr>\n<tr class=\"row-8 even\">\n\t<td class=\"column-1\">01h00 <\/td><td class=\"column-2\">Fin de la 2\u00e8me journ\u00e9e<\/td>\n<\/tr>\n<tr class=\"row-9 odd\">\n\t<td class=\"column-1\"><\/td><td class=\"column-2\"><strong>Dimanche 24 juin 2018<\/strong><\/td>\n<\/tr>\n<tr class=\"row-10 even\">\n\t<td class=\"column-1\">09h00<\/td><td class=\"column-2\">Ouverture de la caisse, cantine, buvette<\/td>\n<\/tr>\n<tr class=\"row-11 odd\">\n\t<td class=\"column-1\">10h00<\/td><td class=\"column-2\">Culte protestant avec chants polyphoniques polyn\u00e9siens c\u00e9l\u00e9br\u00e9 par le Pasteur <a href=\"http:\/\/www.saintpierre-geneve.ch\/paroisse\/activites\/\" rel=\"noopener\" target=\"_blank\">Emmanuel Rolland<\/a> \u00e0 la <a href=\"http:\/\/www.cathedrale-geneve.ch\/\" rel=\"noopener\" target=\"_blank\">cath\u00e9drale Saint-Pierre<\/a>.<\/td>\n<\/tr>\n<tr class=\"row-12 even\">\n\t<td class=\"column-1\">11h15<\/td><td class=\"column-2\">Grand spectacle polyn\u00e9sien sur le parvis de la Cath\u00e9drale Saint-Pierre d\u2019environ une heure (danses, chants, musiques en costumes traditionnels) avec comme th\u00e8me, \u00ab<a href=\"http:\/\/www.pewtrusts.org\/fr\/research-and-analysis\/issue-briefs\/2016\/04\/rahui-nui-no-tuhaa-pae\" rel=\"noopener\" target=\"_blank\">La protection des oc\u00e9ans<\/a>\u00bb, la caisse, la cantine et la buvette restant ouvertes jusqu\u2019\u00e0 21h00<\/td>\n<\/tr>\n<tr class=\"row-13 odd\">\n\t<td class=\"column-1\">14h00<\/td><td class=\"column-2\">Grand spectacle polyn\u00e9sien sur la sc\u00e8ne de l'Observatoire de l'<a href=\"http:\/\/ADEM\" rel=\"noopener\" target=\"_blank\">ADEM<\/a> d\u2019environ une heure (danses, chants, musiques en costumes traditionnels) avec comme th\u00e8me, \u00ab<a href=\"http:\/\/www.pewtrusts.org\/fr\/research-and-analysis\/issue-briefs\/2016\/04\/rahui-nui-no-tuhaa-pae\" rel=\"noopener\" target=\"_blank\">La protection des oc\u00e9ans<\/a>\u00bb, la caisse, la cantine et la buvette restant ouvertes jusqu\u2019\u00e0 21h00<\/td>\n<\/tr>\n<tr class=\"row-14 even\">\n\t<td class=\"column-1\">21h00<\/td><td class=\"column-2\">Fermeture de la f\u00eate<\/td>\n<\/tr>\n<\/tbody>\n<\/table>\n<!-- #tablepress-14 from cache -->\n<div class='printomatic pom-default ' id='id1019'  data-print_target='article'><\/div>\n","protected":false},"excerpt":{"rendered":"","protected":false},"author":1,"featured_media":0,"parent":158,"menu_order":7,"comment_status":"closed","ping_status":"closed","template":"","meta":{"footnotes":""},"class_list":["post-1216","page","type-page","status-publish","hentry"],"_links":{"self":[{"href":"http:\/\/residencedespins.ddns.net\/heiva-nui\/index.php?rest_route=\/wp\/v2\/pages\/1216","targetHints":{"allow":["GET"]}}],"collection":[{"href":"http:\/\/residencedespins.ddns.net\/heiva-nui\/index.php?rest_route=\/wp\/v2\/pages"}],"about":[{"href":"http:\/\/residencedespins.ddns.net\/heiva-nui\/index.php?rest_route=\/wp\/v2\/types\/page"}],"author":[{"embeddable":true,"href":"http:\/\/residencedespins.ddns.net\/heiva-nui\/index.php?rest_route=\/wp\/v2\/users\/1"}],"replies":[{"embeddable":true,"href":"http:\/\/residencedespins.ddns.net\/heiva-nui\/index.php?rest_route=%2Fwp%2Fv2%2Fcomments&post=1216"}],"version-history":[{"count":1,"href":"http:\/\/residencedespins.ddns.net\/heiva-nui\/index.php?rest_route=\/wp\/v2\/pages\/1216\/revisions"}],"predecessor-version":[{"id":1217,"href":"http:\/\/residencedespins.ddns.net\/heiva-nui\/index.php?rest_route=\/wp\/v2\/pages\/1216\/revisions\/1217"}],"up":[{"embeddable":true,"href":"http:\/\/residencedespins.ddns.net\/heiva-nui\/index.php?rest_route=\/wp\/v2\/pages\/158"}],"wp:attachment":[{"href":"http:\/\/residencedespins.ddns.net\/heiva-nui\/index.php?rest_route=%2Fwp%2Fv2%2Fmedia&parent=1216"}],"curies":[{"name":"wp","href":"https:\/\/api.w.org\/{rel}","templated":true}]}}