{"id":183,"date":"2017-04-27T10:54:04","date_gmt":"2017-04-27T08:54:04","guid":{"rendered":"http:\/\/residencedespins.ddns.net\/heiva-nui\/?page_id=183"},"modified":"2018-06-28T12:42:02","modified_gmt":"2018-06-28T10:42:02","slug":"paiement-par-carte-de-credit","status":"publish","type":"page","link":"http:\/\/residencedespins.ddns.net\/heiva-nui\/?page_id=183","title":{"rendered":"Paiement par carte de cr\u00e9dit"},"content":{"rendered":"<ul>\n<li>Repas-spectacle polyn\u00e9sien du samedi 16 juin 2018 au soir \u00e0 Excenevex (\u20ac 35.\u2013):<\/li>\n<\/ul>\n<p style=\"text-align: center;\"><em>Punch d\u2019accueil alcoolis\u00e9<br \/>\nEntr\u00e9e: Poisson cru \u00e0 la tahitienne et riz blanc<br \/>\nPlat chaud: Poulet fafa (poulet aux \u00e9pinards et cr\u00e8me coco), brochettes de c\u0153ur de b\u0153uf<br \/>\nLes l\u00e9gumes: Manioc, Taro et patates douces selon disponibilit\u00e9s<br \/>\nDessert: Po'e banane (sorte de flan d'amidon de manioc et de bananes) et\/ou salade de fruits frais aux couleurs exotiques<\/em><\/p>\n<hr \/>\n<ul>\n<li>Repas-four-spectacle polyn\u00e9sien du dimanche 17 juin 2018 \u00e0 midi \u00e0 Excenevex (\u20ac 35.\u2013):<\/li>\n<\/ul>\n<p style=\"text-align: center;\"><em>Punch d\u2019accueil alcoolis\u00e9<br \/>\nEntr\u00e9e: Poisson cru \u00e0 la tahitienne et riz blanc<br \/>\nPlat chaud: R\u00f4ti de porc, poulet fafa (poulet aux \u00e9pinards et cr\u00e8me coco)<br \/>\nLes l\u00e9gumes: Manioc, taro, bananes plantains, patates douces selon disponibilit\u00e9s<br \/>\nDessert: Po'e banane (sorte de flan d'amidon de manioc et de bananes) et\/ou salade de fruits frais aux couleurs exotiques<\/em><\/p>\n<hr \/>\n<ul>\n<li>Repas-spectacle polyn\u00e9sien du samedi 7 juillet 2018 au soir \u00e0 Port-Valais (\u20ac 35.\u2013):<\/li>\n<\/ul>\n<p style=\"text-align: center;\"><em>Punch d\u2019accueil alcoolis\u00e9<br \/>\nEntr\u00e9e: Poisson cru \u00e0 la tahitienne et riz blanc<br \/>\nPlat chaud: Poulet fafa (poulet aux \u00e9pinards et cr\u00e8me coco), brochettes de c\u0153ur de b\u0153uf<br \/>\nLes l\u00e9gumes: Manioc, Taro et patates douces selon disponibilit\u00e9s<br \/>\nDessert: Po'e banane (sorte de flan d'amidon de manioc et de bananes) et\/ou salade de fruits frais aux couleurs exotiques<\/em><\/p>\n<hr \/>\n<ul>\n<li>Repas-four-spectacle polyn\u00e9sien du dimanche 8 juillet 2018 \u00e0 midi \u00e0 Port-Valais (\u20ac 35.\u2013):<\/li>\n<\/ul>\n<p style=\"text-align: center;\"><em>Punch d\u2019accueil alcoolis\u00e9<br \/>\nEntr\u00e9e: Poisson cru \u00e0 la tahitienne et riz blanc<br \/>\nPlat chaud: R\u00f4ti de porc, poulet fafa (poulet aux \u00e9pinards et cr\u00e8me coco)<br \/>\nLes l\u00e9gumes: Manioc, taro, bananes plantains, patates douces selon disponibilit\u00e9s<br \/>\nDessert: Po'e banane (sorte de flan d'amidon de manioc et de bananes) et\/ou salade de fruits frais aux couleurs exotiques<\/em><\/p>\n<hr \/>\n<form action=\"https:\/\/www.paypal.com\/cgi-bin\/webscr\" method=\"post\" target=\"paypal\"><input name=\"cmd\" type=\"hidden\" value=\"_cart\" \/><input name=\"business\" type=\"hidden\" value=\"te-ui-tama-no-ragnivavae@laposte.net\" \/><input name=\"lc\" type=\"hidden\" value=\"FR\" \/><input name=\"item_name\" type=\"hidden\" value=\"Reservation des repas\" \/><input name=\"button_subtype\" type=\"hidden\" value=\"products\" \/><input name=\"no_note\" type=\"hidden\" value=\"0\" \/><input name=\"currency_code\" type=\"hidden\" value=\"EUR\" \/><input name=\"add\" type=\"hidden\" value=\"1\" \/><input name=\"bn\" type=\"hidden\" value=\"PP-ShopCartBF:btn_cart_LG.gif:NonHostedGuest\" \/><\/p>\n<table>\n<tbody>\n<tr>\n<td><input name=\"on0\" type=\"hidden\" value=\"Detail de la reservation\" \/>Reservation des repas<\/td>\n<\/tr>\n<tr>\n<td><select name=\"os0\"><option value=\"Repas-spectacle du samedi 16 juin 2018 au soir a Excenevex\">Repas-spectacle du samedi 16 juin 2018 au soir a Excenevex (\u20ac 35.\u2013)<\/option><option value=\"Repas-spectacle du samedi 16 juin 2018 au soir a Excenevex pour enfant de moins de 12 ans\">Repas-spectacle du samedi 16 juin 2018 au soir a Excenevex pour enfant de moins de 12 ans (\u20ac 17.50)<\/option><option value=\"Repas-four-spectacle du dimanche 17 juin 2018 a midi a Excenevex\">Repas-four-spectacle du dimanche 17 juin 2018 a midi a Excenevex (\u20ac 35.\u2013)<\/option><option value=\"Repas-four-spectacle du dimanche 17 juin 2018 a midi a Excenevex pour enfant de moins de 12 ans\">Repas-four-spectacle du dimanche 17 juin 2018 a midi a Excenevex pour enfant de moins de 12 ans (\u20ac 17.50)<\/option><option value=\"Repas-spectacle du samedi 7 juillet 2018 au soir a Port-Valais\">Repas-spectacle du samedi 7 juillet 2018 au soir a Port-Valais (\u20ac 35.\u2013)<\/option><option value=\"Repas-spectacle du samedi 7 juillet 2018 au soir a Port-Valais pour enfant de moins de 12 ans\">Repas-spectacle du samedi 7 juillet 2018 au soir a Port-Valais pour enfant de moins de 12 ans (\u20ac 17.50)<\/option><option value=\"Repas-four-spectacle du dimanche 8 juillet 2018 a midi a Port-Valais\">Repas-four-spectacle du dimanche 8 juillet 2018 a midi a Port-Valais (\u20ac 35.\u2013)<\/option><option value=\"Repas-four-spectacle du dimanche 8 juillet 2018 a midi a Port-Valais pour enfant de moins de 12 ans\">Repas-four-spectacle du dimanche 8 juillet 2018 a midi a Port-Valais pour enfant de moins de 12 ans (\u20ac 17.50)<\/option><\/select><\/td>\n<\/tr>\n<\/tbody>\n<\/table>\n<p><input name=\"currency_code\" type=\"hidden\" value=\"EUR\" \/><br \/>\n<input name=\"option_select0\" type=\"hidden\" value=\"Repas-spectacle du samedi 16 juin 2018 au soir a Excenevex\" \/><input name=\"option_amount0\" type=\"hidden\" value=\"35.00\" \/><input name=\"option_select1\" type=\"hidden\" value=\"Repas-spectacle du samedi 16 juin 2018 au soir a Excenevex pour enfant de moins de 12 ans\" \/><input name=\"option_amount1\" type=\"hidden\" value=\"17.50\" \/><input name=\"option_select2\" type=\"hidden\" value=\"Repas-four-spectacle du dimanche 17 juin 2018 a midi a Excenevex\" \/><input name=\"option_amount2\" type=\"hidden\" value=\"35.00\" \/><input name=\"option_select3\" type=\"hidden\" value=\"Repas-four-spectacle du dimanche 17 juin 2018 a midi a Excenevex pour enfant de moins de 12 ans\" \/><input name=\"option_amount3\" type=\"hidden\" value=\"17.50\" \/><input name=\"option_select4\" type=\"hidden\" value=\"Repas-spectacle du samedi 7 juillet 2018 au soir a Port-Valais\" \/><input name=\"option_amount4\" type=\"hidden\" value=\"35.00\" \/><input name=\"option_select5\" type=\"hidden\" value=\"Repas-spectacle du samedi 7 juillet 2018 au soir a Port-Valais pour enfant de moins de 12 ans\" \/><input name=\"option_amount5\" type=\"hidden\" value=\"17.50\" \/><input name=\"option_select6\" type=\"hidden\" value=\"Repas-four-spectacle du dimanche 8 juillet 2018 a midi a Port-Valais\" \/><input name=\"option_amount6\" type=\"hidden\" value=\"35.00\" \/><input name=\"option_select7\" type=\"hidden\" value=\"Repas-four-spectacle du dimanche 8 juillet 2018 a midi a Port-Valais pour enfant de moins de 12 ans\" \/><input name=\"option_amount7\" type=\"hidden\" value=\"17.50\" \/><input type=\"hidden\" name=\"shopping_url\" value=\"http:\/\/residencedespins.ddns.net\/heiva-nui\/reservation-des-repas\/paiement-par-carte-de-credit\/\"><input name=\"option_index\" type=\"hidden\" value=\"0\" \/><input alt=\"PayPal, le r\u00e9flexe s\u00e9curit\u00e9 pour payer en ligne\" name=\"submit\" src=\"https:\/\/www.paypalobjects.com\/fr_FR\/FR\/i\/btn\/btn_cart_LG.gif\" type=\"image\" \/><img loading=\"lazy\" decoding=\"async\" src=\"https:\/\/www.paypalobjects.com\/fr_FR\/i\/scr\/pixel.gif\" alt=\"\" width=\"1\" height=\"1\" border=\"0\" \/><\/p>\n<\/form>\n<hr \/>\n<p style=\"text-align: center;\"><span style=\"color: #ff0000;\"><em>Apr\u00e8s avoir ajout\u00e9 au panier votre\/vos r\u00e9servation(s) de repas (bouton ci-dessus), puis avoir pay\u00e9, vous recevrez le re\u00e7u de votre paiement par email que vous voudrez bien imprimer et prendre avec vous\u00a0au repas comme preuve de votre paiement.<\/em><\/span><\/p>\n<p style=\"text-align: center;\"><span style=\"color: #ff0000;\">Vous recevrez \u00e9galement par email votre\/vos billet(s) d'entr\u00e9e(s) que vous\u00a0voudrez bien imprimer et pr\u00e9senter \u00e0 l'accueil.<\/span><\/p>\n","protected":false},"excerpt":{"rendered":"<p>Repas-spectacle polyn\u00e9sien du samedi 16 juin 2018 au soir \u00e0 Excenevex (\u20ac 35.\u2013): Punch d\u2019accueil alcoolis\u00e9 Entr\u00e9e: Poisson cru \u00e0 la tahitienne et riz blanc Plat chaud: Poulet fafa (poulet aux \u00e9pinards et cr\u00e8me coco), brochettes de c\u0153ur de b\u0153uf Les l\u00e9gumes: Manioc, Taro et patates douces selon disponibilit\u00e9s Dessert: Po'e banane (sorte de flan <a class=\"read-more\" href=\"http:\/\/residencedespins.ddns.net\/heiva-nui\/?page_id=183\">...lire la suite <span class=\"meta-nav\">&rarr;<\/span><\/a><\/p>\n","protected":false},"author":1,"featured_media":0,"parent":134,"menu_order":1,"comment_status":"closed","ping_status":"closed","template":"","meta":{"footnotes":""},"class_list":["post-183","page","type-page","status-publish","hentry"],"_links":{"self":[{"href":"http:\/\/residencedespins.ddns.net\/heiva-nui\/index.php?rest_route=\/wp\/v2\/pages\/183","targetHints":{"allow":["GET"]}}],"collection":[{"href":"http:\/\/residencedespins.ddns.net\/heiva-nui\/index.php?rest_route=\/wp\/v2\/pages"}],"about":[{"href":"http:\/\/residencedespins.ddns.net\/heiva-nui\/index.php?rest_route=\/wp\/v2\/types\/page"}],"author":[{"embeddable":true,"href":"http:\/\/residencedespins.ddns.net\/heiva-nui\/index.php?rest_route=\/wp\/v2\/users\/1"}],"replies":[{"embeddable":true,"href":"http:\/\/residencedespins.ddns.net\/heiva-nui\/index.php?rest_route=%2Fwp%2Fv2%2Fcomments&post=183"}],"version-history":[{"count":70,"href":"http:\/\/residencedespins.ddns.net\/heiva-nui\/index.php?rest_route=\/wp\/v2\/pages\/183\/revisions"}],"predecessor-version":[{"id":1248,"href":"http:\/\/residencedespins.ddns.net\/heiva-nui\/index.php?rest_route=\/wp\/v2\/pages\/183\/revisions\/1248"}],"up":[{"embeddable":true,"href":"http:\/\/residencedespins.ddns.net\/heiva-nui\/index.php?rest_route=\/wp\/v2\/pages\/134"}],"wp:attachment":[{"href":"http:\/\/residencedespins.ddns.net\/heiva-nui\/index.php?rest_route=%2Fwp%2Fv2%2Fmedia&parent=183"}],"curies":[{"name":"wp","href":"https:\/\/api.w.org\/{rel}","templated":true}]}}