{"id":19,"date":"2009-08-25T11:49:30","date_gmt":"2009-08-25T09:49:30","guid":{"rendered":"http:\/\/residencedespins.ddns.net\/wordpress1\/?page_id=19"},"modified":"2010-05-07T17:21:00","modified_gmt":"2010-05-07T15:21:00","slug":"charte","status":"publish","type":"page","link":"http:\/\/residencedespins.ddns.net\/wordpress1\/?page_id=19","title":{"rendered":"Charte"},"content":{"rendered":"<h2 style=\"text-align: center;\">CHARTE DE L&rsquo;\u00c9COTOURISME DE RAIVAVAE<\/h2>\n<hr \/>\n<h3 style=\"text-align: center;\">\u00ab<em>L\u2019\u00e9cotourisme est une forme de voyage responsable dans des environnements naturels o\u00f9 les ressources et le bien-\u00eatre des populations sont pr\u00e9serv\u00e9s<\/em>\u00bb<br \/>\n(D\u00e9finition de la TIES-Soci\u00e9t\u00e9 Internationale de l\u2019\u00c9cotourisme)<\/h3>\n<hr \/>\n<h2><span style=\"text-decoration: underline;\">Aspects g\u00e9n\u00e9raux<\/span><\/h2>\n<p>Par le terme \u00ab\u00e9cotourisme\u00bb, il faut entendre tourisme respectueux de la nature, des populations locales, dans un cadre de d\u00e9veloppement durable. L&rsquo;\u00e9cotourisme doit satisfaire \u00e0 plusieurs crit\u00e8res, en particulier tels que:<\/p>\n<ul>\n<li>Minimiser les impacts n\u00e9gatifs sur la nature.<\/li>\n<li>Respecter la diversit\u00e9 culturelle et ses liens \u00e0 l&rsquo;environnement.<\/li>\n<li>Les revenus et autres b\u00e9n\u00e9fices tir\u00e9s de l&rsquo;\u00e9cotourisme doivent directement b\u00e9n\u00e9ficier aux populations locales.<\/li>\n<li>La pression de l&rsquo;\u00e9cotourisme doit toujours rester inf\u00e9rieure aux limites naturelles et aux changements acceptables pour la population locale.<\/li>\n<li>Les principes et crit\u00e8res g\u00e9n\u00e9raux du d\u00e9veloppement durable doivent \u00eatre respect\u00e9s par l&rsquo;\u00e9cotourisme.<\/li>\n<\/ul>\n<h2><span style=\"text-decoration: underline;\">Aspects sp\u00e9cifiques \u00e0 Raivavae<\/span><\/h2>\n<ul>\n<li>Les b\u00e9n\u00e9fices de ce d\u00e9veloppement touristique durable doivent pouvoir profiter au plus grand nombre des habitants de Raivavae qui s&rsquo;impliquent par des micro-entreprises. Ainsi lors de la cr\u00e9ation d&rsquo;une nouvelle micro-activit\u00e9, on favorisera de pr\u00e9f\u00e9rence (\u00e0 propositions \u00e9gales et comparables) un nouveau prestataire au d\u00e9triment de la concentration d&rsquo;activit\u00e9s d&rsquo;un autre prestataire d\u00e9j\u00e0 existant.<\/li>\n<li>La volont\u00e9 de faire la promotion des produits et productions locales voire polyn\u00e9siennes en proposant en particulier l&rsquo;utilisation de produits de substitution locaux aux produits d&rsquo;importation.<\/li>\n<\/ul>\n","protected":false},"excerpt":{"rendered":"<p>CHARTE DE L&rsquo;\u00c9COTOURISME DE RAIVAVAE \u00abL\u2019\u00e9cotourisme est une forme de voyage responsable dans des environnements naturels o\u00f9 les ressources et le bien-\u00eatre des populations sont pr\u00e9serv\u00e9s\u00bb (D\u00e9finition de la TIES-Soci\u00e9t\u00e9 Internationale de l\u2019\u00c9cotourisme) Aspects g\u00e9n\u00e9raux Par le terme \u00ab\u00e9cotourisme\u00bb, il faut entendre tourisme respectueux de la nature, des populations locales, dans un cadre de d\u00e9veloppement [&hellip;]<\/p>\n","protected":false},"author":1,"featured_media":0,"parent":0,"menu_order":1,"comment_status":"closed","ping_status":"open","template":"","meta":{"footnotes":""},"class_list":["post-19","page","type-page","status-publish","hentry"],"_links":{"self":[{"href":"http:\/\/residencedespins.ddns.net\/wordpress1\/index.php?rest_route=\/wp\/v2\/pages\/19","targetHints":{"allow":["GET"]}}],"collection":[{"href":"http:\/\/residencedespins.ddns.net\/wordpress1\/index.php?rest_route=\/wp\/v2\/pages"}],"about":[{"href":"http:\/\/residencedespins.ddns.net\/wordpress1\/index.php?rest_route=\/wp\/v2\/types\/page"}],"author":[{"embeddable":true,"href":"http:\/\/residencedespins.ddns.net\/wordpress1\/index.php?rest_route=\/wp\/v2\/users\/1"}],"replies":[{"embeddable":true,"href":"http:\/\/residencedespins.ddns.net\/wordpress1\/index.php?rest_route=%2Fwp%2Fv2%2Fcomments&post=19"}],"version-history":[{"count":6,"href":"http:\/\/residencedespins.ddns.net\/wordpress1\/index.php?rest_route=\/wp\/v2\/pages\/19\/revisions"}],"predecessor-version":[{"id":21,"href":"http:\/\/residencedespins.ddns.net\/wordpress1\/index.php?rest_route=\/wp\/v2\/pages\/19\/revisions\/21"}],"wp:attachment":[{"href":"http:\/\/residencedespins.ddns.net\/wordpress1\/index.php?rest_route=%2Fwp%2Fv2%2Fmedia&parent=19"}],"curies":[{"name":"wp","href":"https:\/\/api.w.org\/{rel}","templated":true}]}}