{"id":347,"date":"2010-06-18T14:53:42","date_gmt":"2010-06-18T12:53:42","guid":{"rendered":"http:\/\/residencedespins.ddns.net\/wordpress1\/?page_id=347"},"modified":"2011-09-09T12:02:49","modified_gmt":"2011-09-09T10:02:49","slug":"le-programme-general","status":"publish","type":"page","link":"http:\/\/residencedespins.ddns.net\/wordpress1\/?page_id=347","title":{"rendered":"Le programme g\u00e9n\u00e9ral"},"content":{"rendered":"<h2><span style=\"text-decoration: underline;\">Avertissement<\/span><\/h2>\n<p><!-- \t\t@page { margin: 2cm } \t\tP { margin-bottom: 0.21cm } --><\/p>\n<p style=\"margin-bottom: 0cm;\">Le programme g\u00e9n\u00e9ral d\u00e9crit dans la grille des activit\u00e9s suivante est susceptible de nombreuses adaptations, ne serait-ce qu\u2019\u00e0 cause de la m\u00e9t\u00e9o. Son but est de pr\u00e9senter la plupart des activit\u00e9s qui seront propos\u00e9es aux \u00e9cotouristes et dont le programme pr\u00e9cis sera d\u00e9livr\u00e9 de jour en jour sur place.<\/p>\n<h2 style=\"margin-bottom: 0cm;\"><span style=\"text-decoration: underline;\">Grille des activit\u00e9s pr\u00e9visionnelle pour 2012<\/span><\/h2>\n<p style=\"margin-bottom: 0cm;\">[table &quot;15&quot; seems to be empty \/]<br \/>\n<\/p>\n","protected":false},"excerpt":{"rendered":"<p>Avertissement Le programme g\u00e9n\u00e9ral d\u00e9crit dans la grille des activit\u00e9s suivante est susceptible de nombreuses adaptations, ne serait-ce qu\u2019\u00e0 cause de la m\u00e9t\u00e9o. Son but est de pr\u00e9senter la plupart des activit\u00e9s qui seront propos\u00e9es aux \u00e9cotouristes et dont le programme pr\u00e9cis sera d\u00e9livr\u00e9 de jour en jour sur place. Grille des activit\u00e9s pr\u00e9visionnelle pour [&hellip;]<\/p>\n","protected":false},"author":1,"featured_media":0,"parent":151,"menu_order":404,"comment_status":"closed","ping_status":"open","template":"","meta":{"footnotes":""},"class_list":["post-347","page","type-page","status-publish","hentry"],"_links":{"self":[{"href":"http:\/\/residencedespins.ddns.net\/wordpress1\/index.php?rest_route=\/wp\/v2\/pages\/347","targetHints":{"allow":["GET"]}}],"collection":[{"href":"http:\/\/residencedespins.ddns.net\/wordpress1\/index.php?rest_route=\/wp\/v2\/pages"}],"about":[{"href":"http:\/\/residencedespins.ddns.net\/wordpress1\/index.php?rest_route=\/wp\/v2\/types\/page"}],"author":[{"embeddable":true,"href":"http:\/\/residencedespins.ddns.net\/wordpress1\/index.php?rest_route=\/wp\/v2\/users\/1"}],"replies":[{"embeddable":true,"href":"http:\/\/residencedespins.ddns.net\/wordpress1\/index.php?rest_route=%2Fwp%2Fv2%2Fcomments&post=347"}],"version-history":[{"count":5,"href":"http:\/\/residencedespins.ddns.net\/wordpress1\/index.php?rest_route=\/wp\/v2\/pages\/347\/revisions"}],"predecessor-version":[{"id":886,"href":"http:\/\/residencedespins.ddns.net\/wordpress1\/index.php?rest_route=\/wp\/v2\/pages\/347\/revisions\/886"}],"up":[{"embeddable":true,"href":"http:\/\/residencedespins.ddns.net\/wordpress1\/index.php?rest_route=\/wp\/v2\/pages\/151"}],"wp:attachment":[{"href":"http:\/\/residencedespins.ddns.net\/wordpress1\/index.php?rest_route=%2Fwp%2Fv2%2Fmedia&parent=347"}],"curies":[{"name":"wp","href":"https:\/\/api.w.org\/{rel}","templated":true}]}}