{"id":60,"date":"2009-09-03T14:05:10","date_gmt":"2009-09-03T12:05:10","guid":{"rendered":"http:\/\/residencedespins.ddns.net\/wordpress1\/?page_id=60"},"modified":"2025-07-19T16:53:28","modified_gmt":"2025-07-19T14:53:28","slug":"lartisanat","status":"publish","type":"page","link":"http:\/\/residencedespins.ddns.net\/wordpress1\/?page_id=60","title":{"rendered":"L&rsquo;artisanat"},"content":{"rendered":"\n<p><\/p>\n\n\n\n<figure class=\"wp-block-video aligncenter\"><video controls src=\"http:\/\/residencedespins.ddns.net\/wordpress1\/wp-content\/uploads\/2025\/07\/TNTV-Raivavae-Artisanat.mp4\"><\/video><figcaption class=\"wp-element-caption\">L&rsquo;artisanat \u00e0 Raivavae<\/figcaption><\/figure>\n\n\n\n<p class=\"has-text-align-right\"><a href=\"https:\/\/www.tntv.pf\">TNTV &#8211; Toute la Polyn\u00e9sie en Live et en Replay<\/a><\/p>\n\n\n\n<figure class=\"wp-block-gallery has-nested-images columns-default is-cropped wp-block-gallery-1 is-layout-flex wp-block-gallery-is-layout-flex\">\n<figure class=\"wp-block-image size-large\"><a href=\"http:\/\/residencedespins.ddns.net\/wordpress1\/wp-content\/uploads\/2025\/07\/6-artisanat-Exposition-vente-artisanale-regroupant-les-5-iles-de-larchipel-des-Australes.jpg\" rel=\"shadowbox[sbpost-60];player=img;\"><img loading=\"lazy\" decoding=\"async\" width=\"440\" height=\"329\"  data-id=\"1928\" src=\"http:\/\/residencedespins.ddns.net\/wordpress1\/wp-content\/uploads\/2025\/07\/6-artisanat-Exposition-vente-artisanale-regroupant-les-5-iles-de-larchipel-des-Australes.jpg\" alt=\"\" class=\"wp-image-1928\" srcset=\"http:\/\/residencedespins.ddns.net\/wordpress1\/wp-content\/uploads\/2025\/07\/6-artisanat-Exposition-vente-artisanale-regroupant-les-5-iles-de-larchipel-des-Australes.jpg 440w, http:\/\/residencedespins.ddns.net\/wordpress1\/wp-content\/uploads\/2025\/07\/6-artisanat-Exposition-vente-artisanale-regroupant-les-5-iles-de-larchipel-des-Australes-300x224.jpg 300w\" sizes=\"auto, (max-width: 440px) 100vw, 440px\" \/><\/a><figcaption class=\"wp-element-caption\">Un sculpteur de Raivavae au travail \u00e0 son stand d&rsquo;exposition<\/figcaption><\/figure>\n\n\n\n<figure class=\"wp-block-image size-large\"><a href=\"http:\/\/residencedespins.ddns.net\/wordpress1\/wp-content\/uploads\/2025\/07\/5-artisanat-stand-dexposition-de-realisations-artisanales-de-Raivavae.jpg\" rel=\"shadowbox[sbpost-60];player=img;\"><img loading=\"lazy\" decoding=\"async\" width=\"440\" height=\"266\"  data-id=\"1927\" src=\"http:\/\/residencedespins.ddns.net\/wordpress1\/wp-content\/uploads\/2025\/07\/5-artisanat-stand-dexposition-de-realisations-artisanales-de-Raivavae.jpg\" alt=\"\" class=\"wp-image-1927\" srcset=\"http:\/\/residencedespins.ddns.net\/wordpress1\/wp-content\/uploads\/2025\/07\/5-artisanat-stand-dexposition-de-realisations-artisanales-de-Raivavae.jpg 440w, http:\/\/residencedespins.ddns.net\/wordpress1\/wp-content\/uploads\/2025\/07\/5-artisanat-stand-dexposition-de-realisations-artisanales-de-Raivavae-300x181.jpg 300w\" sizes=\"auto, (max-width: 440px) 100vw, 440px\" \/><\/a><figcaption class=\"wp-element-caption\">Chapeaux et colliers divers sont expos\u00e9s sur une immense nappe enti\u00e8rement brod\u00e9e \u00e0 la main<\/figcaption><\/figure>\n\n\n\n<figure class=\"wp-block-image size-large\"><a href=\"http:\/\/residencedespins.ddns.net\/wordpress1\/wp-content\/uploads\/2025\/07\/4-artisanat-Sculpture-Raivavae-dun-tiki-statue-qui-autrefois-representait-un-Dieu-polynesien-avant-le-christianisme.jpg\" rel=\"shadowbox[sbpost-60];player=img;\"><img loading=\"lazy\" decoding=\"async\" width=\"440\" height=\"561\"  data-id=\"1929\" src=\"http:\/\/residencedespins.ddns.net\/wordpress1\/wp-content\/uploads\/2025\/07\/4-artisanat-Sculpture-Raivavae-dun-tiki-statue-qui-autrefois-representait-un-Dieu-polynesien-avant-le-christianisme.jpg\" alt=\"\" class=\"wp-image-1929\" srcset=\"http:\/\/residencedespins.ddns.net\/wordpress1\/wp-content\/uploads\/2025\/07\/4-artisanat-Sculpture-Raivavae-dun-tiki-statue-qui-autrefois-representait-un-Dieu-polynesien-avant-le-christianisme.jpg 440w, http:\/\/residencedespins.ddns.net\/wordpress1\/wp-content\/uploads\/2025\/07\/4-artisanat-Sculpture-Raivavae-dun-tiki-statue-qui-autrefois-representait-un-Dieu-polynesien-avant-le-christianisme-235x300.jpg 235w\" sizes=\"auto, (max-width: 440px) 100vw, 440px\" \/><\/a><figcaption class=\"wp-element-caption\">Sculpture Raivavae d&rsquo;un \u00a0\u00bb&rsquo;tiki\u00a0\u00bb&rsquo; (statue qui autrefois repr\u00e9sentait un Dieu polyn\u00e9sien avant le christianisme)<\/figcaption><\/figure>\n\n\n\n<figure class=\"wp-block-image size-large\"><a href=\"http:\/\/residencedespins.ddns.net\/wordpress1\/wp-content\/uploads\/2025\/07\/3-artisanat-Chapeaux-et-colliers-divers-sont-exposes-sur-une-immense-nappe-entierement-brodee-a-la-main.jpg\" rel=\"shadowbox[sbpost-60];player=img;\"><img loading=\"lazy\" decoding=\"async\" width=\"440\" height=\"329\"  data-id=\"1930\" src=\"http:\/\/residencedespins.ddns.net\/wordpress1\/wp-content\/uploads\/2025\/07\/3-artisanat-Chapeaux-et-colliers-divers-sont-exposes-sur-une-immense-nappe-entierement-brodee-a-la-main.jpg\" alt=\"\" class=\"wp-image-1930\" srcset=\"http:\/\/residencedespins.ddns.net\/wordpress1\/wp-content\/uploads\/2025\/07\/3-artisanat-Chapeaux-et-colliers-divers-sont-exposes-sur-une-immense-nappe-entierement-brodee-a-la-main.jpg 440w, http:\/\/residencedespins.ddns.net\/wordpress1\/wp-content\/uploads\/2025\/07\/3-artisanat-Chapeaux-et-colliers-divers-sont-exposes-sur-une-immense-nappe-entierement-brodee-a-la-main-300x224.jpg 300w\" sizes=\"auto, (max-width: 440px) 100vw, 440px\" \/><\/a><figcaption class=\"wp-element-caption\">Stand d&rsquo;exposition de r\u00e9alisations artisanales de Raivavae<\/figcaption><\/figure>\n\n\n\n<figure class=\"wp-block-image size-large\"><a href=\"http:\/\/residencedespins.ddns.net\/wordpress1\/wp-content\/uploads\/2025\/07\/2-artisanat-Un-sculpteur-de-Raivavae-au-travail-a-son-stand-dexposition.jpg\" rel=\"shadowbox[sbpost-60];player=img;\"><img loading=\"lazy\" decoding=\"async\" width=\"440\" height=\"383\"  data-id=\"1931\" src=\"http:\/\/residencedespins.ddns.net\/wordpress1\/wp-content\/uploads\/2025\/07\/2-artisanat-Un-sculpteur-de-Raivavae-au-travail-a-son-stand-dexposition.jpg\" alt=\"\" class=\"wp-image-1931\" srcset=\"http:\/\/residencedespins.ddns.net\/wordpress1\/wp-content\/uploads\/2025\/07\/2-artisanat-Un-sculpteur-de-Raivavae-au-travail-a-son-stand-dexposition.jpg 440w, http:\/\/residencedespins.ddns.net\/wordpress1\/wp-content\/uploads\/2025\/07\/2-artisanat-Un-sculpteur-de-Raivavae-au-travail-a-son-stand-dexposition-300x261.jpg 300w\" sizes=\"auto, (max-width: 440px) 100vw, 440px\" \/><\/a><figcaption class=\"wp-element-caption\">Exposition-vente artisanale regroupant les 5 \u00eeles de l&rsquo;archipel des Australes<\/figcaption><\/figure>\n\n\n\n<figure class=\"wp-block-image size-large\"><a href=\"http:\/\/residencedespins.ddns.net\/wordpress1\/wp-content\/uploads\/2025\/07\/1-artisanat-Les-feuilles-de-nombreux-vegetaux-fournissent-les-materiaux-pour-le-tressage-chapeaux-sacs-etc.jpg\" rel=\"shadowbox[sbpost-60];player=img;\"><img loading=\"lazy\" decoding=\"async\" width=\"440\" height=\"329\"  data-id=\"1932\" src=\"http:\/\/residencedespins.ddns.net\/wordpress1\/wp-content\/uploads\/2025\/07\/1-artisanat-Les-feuilles-de-nombreux-vegetaux-fournissent-les-materiaux-pour-le-tressage-chapeaux-sacs-etc.jpg\" alt=\"\" class=\"wp-image-1932\" srcset=\"http:\/\/residencedespins.ddns.net\/wordpress1\/wp-content\/uploads\/2025\/07\/1-artisanat-Les-feuilles-de-nombreux-vegetaux-fournissent-les-materiaux-pour-le-tressage-chapeaux-sacs-etc.jpg 440w, http:\/\/residencedespins.ddns.net\/wordpress1\/wp-content\/uploads\/2025\/07\/1-artisanat-Les-feuilles-de-nombreux-vegetaux-fournissent-les-materiaux-pour-le-tressage-chapeaux-sacs-etc-300x224.jpg 300w\" sizes=\"auto, (max-width: 440px) 100vw, 440px\" \/><\/a><figcaption class=\"wp-element-caption\">Les feuilles de nombreux v\u00e9g\u00e9taux fournissent les mat\u00e9riaux pour le tressage (chapeaux, sacs, etc)<\/figcaption><\/figure>\n\n\n\n<figure class=\"wp-block-image size-large\"><a href=\"http:\/\/residencedespins.ddns.net\/wordpress1\/wp-content\/uploads\/2025\/07\/7-artisanat-Construction-dune-pirogue-traditionnelle-de-Raivavae-dite-cousue.jpg\" rel=\"shadowbox[sbpost-60];player=img;\"><img loading=\"lazy\" decoding=\"async\" width=\"440\" height=\"329\"  data-id=\"1926\" src=\"http:\/\/residencedespins.ddns.net\/wordpress1\/wp-content\/uploads\/2025\/07\/7-artisanat-Construction-dune-pirogue-traditionnelle-de-Raivavae-dite-cousue.jpg\" alt=\"\" class=\"wp-image-1926\" srcset=\"http:\/\/residencedespins.ddns.net\/wordpress1\/wp-content\/uploads\/2025\/07\/7-artisanat-Construction-dune-pirogue-traditionnelle-de-Raivavae-dite-cousue.jpg 440w, http:\/\/residencedespins.ddns.net\/wordpress1\/wp-content\/uploads\/2025\/07\/7-artisanat-Construction-dune-pirogue-traditionnelle-de-Raivavae-dite-cousue-300x224.jpg 300w\" sizes=\"auto, (max-width: 440px) 100vw, 440px\" \/><\/a><figcaption class=\"wp-element-caption\">Construction d&rsquo;une pirogue traditionnelle de Raivavae (dite \u00a0\u00bbcousue\u00a0\u00bb)<\/figcaption><\/figure>\n<\/figure>\n","protected":false},"excerpt":{"rendered":"<p>TNTV &#8211; Toute la Polyn\u00e9sie en Live et en Replay<\/p>\n","protected":false},"author":1,"featured_media":0,"parent":2,"menu_order":109,"comment_status":"closed","ping_status":"open","template":"","meta":{"footnotes":""},"class_list":["post-60","page","type-page","status-publish","hentry"],"_links":{"self":[{"href":"http:\/\/residencedespins.ddns.net\/wordpress1\/index.php?rest_route=\/wp\/v2\/pages\/60","targetHints":{"allow":["GET"]}}],"collection":[{"href":"http:\/\/residencedespins.ddns.net\/wordpress1\/index.php?rest_route=\/wp\/v2\/pages"}],"about":[{"href":"http:\/\/residencedespins.ddns.net\/wordpress1\/index.php?rest_route=\/wp\/v2\/types\/page"}],"author":[{"embeddable":true,"href":"http:\/\/residencedespins.ddns.net\/wordpress1\/index.php?rest_route=\/wp\/v2\/users\/1"}],"replies":[{"embeddable":true,"href":"http:\/\/residencedespins.ddns.net\/wordpress1\/index.php?rest_route=%2Fwp%2Fv2%2Fcomments&post=60"}],"version-history":[{"count":10,"href":"http:\/\/residencedespins.ddns.net\/wordpress1\/index.php?rest_route=\/wp\/v2\/pages\/60\/revisions"}],"predecessor-version":[{"id":1942,"href":"http:\/\/residencedespins.ddns.net\/wordpress1\/index.php?rest_route=\/wp\/v2\/pages\/60\/revisions\/1942"}],"up":[{"embeddable":true,"href":"http:\/\/residencedespins.ddns.net\/wordpress1\/index.php?rest_route=\/wp\/v2\/pages\/2"}],"wp:attachment":[{"href":"http:\/\/residencedespins.ddns.net\/wordpress1\/index.php?rest_route=%2Fwp%2Fv2%2Fmedia&parent=60"}],"curies":[{"name":"wp","href":"https:\/\/api.w.org\/{rel}","templated":true}]}}