{"id":788,"date":"2011-01-20T17:17:19","date_gmt":"2011-01-20T15:17:19","guid":{"rendered":"http:\/\/residencedespins.ddns.net\/wordpress1\/?page_id=788"},"modified":"2025-07-19T20:54:33","modified_gmt":"2025-07-19T18:54:33","slug":"umete-de-raivavae","status":"publish","type":"page","link":"http:\/\/residencedespins.ddns.net\/wordpress1\/?page_id=788","title":{"rendered":"Umete de Raivavae"},"content":{"rendered":"<p>Je suis un umete, un petit bol originaire de Raivavae aux \u00eeles Australes. Mes mensurations: 48,7 centim\u00e8tres de long et 19.5 de large. De forme lenticulaire typique des \u00eeles Australes, je suis enti\u00e8rement recouvert sur ma surface externe de motifs g\u00e9om\u00e9triques tr\u00e8s fins et tr\u00e8s stylis\u00e9s. Ce type de sculpture est sp\u00e9cifique de mon \u00eele natale et h\u00e9las trop peu connu de nos jours.<\/p>\n<p>Mes l\u00e8vres planes elles aussi d\u00e9cor\u00e9es, se rejoignent \u00e0 l&rsquo;une de mes extr\u00e9mit\u00e9s en une petite protub\u00e9rance et s&rsquo;interrompent de l&rsquo;autre pour former un bec verseur.<br \/>Trop richement d\u00e9cor\u00e9 pour \u00eatre un simple r\u00e9cipient \u00e0 usage commun, je suis un bol c\u00e9r\u00e9moniel r\u00e9serv\u00e9 aux grands chefs, d&rsquo;o\u00f9 ma tr\u00e8s grande raret\u00e9. Certains pensent que je suis un rince doigts, mais je devais plus s\u00fbrement servir \u00e0 boire le &lsquo;ava dont on a trouv\u00e9 trace sur mes parois int\u00e9rieures.<br \/>Contrairement \u00e0 d&rsquo;autres r\u00e9gions, les \u00eeles Australes ne furent \u00e9tudi\u00e9es que tardivement. Les objets ethnographiques de ces \u00eeles sont donc moins connus, mais ils ont constitu\u00e9 une source importante de troc avec les Europ\u00e9ens au XIX\u00e8me si\u00e8cle donnant lieu \u00e0 une v\u00e9ritable industrie de curios. Moi, je suis un objet ancien, certainement du XVIII\u00e8me si\u00e8cle et je suis revenu en Polyn\u00e9sie en 1989 apr\u00e8s que le Mus\u00e9e de Tahiti et ses \u00eeles m&rsquo;ait retrouv\u00e9 dans une galerie d&rsquo;art \u00e0 Paris.<\/p>\n\n\n<figure class=\"wp-block-video aligncenter\"><video controls src=\"http:\/\/residencedespins.ddns.net\/wordpress1\/wp-content\/uploads\/2025\/07\/Umete-de-Raivavae.mp4\"><\/video><figcaption class=\"wp-element-caption\">Umete de Raivavae<\/figcaption><\/figure>\n\n\n\n<p class=\"has-text-align-right\"><a href=\"https:\/\/www.film-documentaire.fr\/4DACTION\/w_liste_generique\/S_43564_G\">ICA &#8211; Institut de la Communication Audiovisuel<\/a><\/p>\n","protected":false},"excerpt":{"rendered":"<p>Je suis un umete, un petit bol originaire de Raivavae aux \u00eeles Australes. Mes mensurations: 48,7 centim\u00e8tres de long et 19.5 de large. De forme lenticulaire typique des \u00eeles Australes, je suis enti\u00e8rement recouvert sur ma surface externe de motifs g\u00e9om\u00e9triques tr\u00e8s fins et tr\u00e8s stylis\u00e9s. Ce type de sculpture est sp\u00e9cifique de mon \u00eele [&hellip;]<\/p>\n","protected":false},"author":1,"featured_media":0,"parent":2,"menu_order":209,"comment_status":"closed","ping_status":"open","template":"","meta":{"footnotes":""},"class_list":["post-788","page","type-page","status-publish","hentry"],"_links":{"self":[{"href":"http:\/\/residencedespins.ddns.net\/wordpress1\/index.php?rest_route=\/wp\/v2\/pages\/788","targetHints":{"allow":["GET"]}}],"collection":[{"href":"http:\/\/residencedespins.ddns.net\/wordpress1\/index.php?rest_route=\/wp\/v2\/pages"}],"about":[{"href":"http:\/\/residencedespins.ddns.net\/wordpress1\/index.php?rest_route=\/wp\/v2\/types\/page"}],"author":[{"embeddable":true,"href":"http:\/\/residencedespins.ddns.net\/wordpress1\/index.php?rest_route=\/wp\/v2\/users\/1"}],"replies":[{"embeddable":true,"href":"http:\/\/residencedespins.ddns.net\/wordpress1\/index.php?rest_route=%2Fwp%2Fv2%2Fcomments&post=788"}],"version-history":[{"count":11,"href":"http:\/\/residencedespins.ddns.net\/wordpress1\/index.php?rest_route=\/wp\/v2\/pages\/788\/revisions"}],"predecessor-version":[{"id":2111,"href":"http:\/\/residencedespins.ddns.net\/wordpress1\/index.php?rest_route=\/wp\/v2\/pages\/788\/revisions\/2111"}],"up":[{"embeddable":true,"href":"http:\/\/residencedespins.ddns.net\/wordpress1\/index.php?rest_route=\/wp\/v2\/pages\/2"}],"wp:attachment":[{"href":"http:\/\/residencedespins.ddns.net\/wordpress1\/index.php?rest_route=%2Fwp%2Fv2%2Fmedia&parent=788"}],"curies":[{"name":"wp","href":"https:\/\/api.w.org\/{rel}","templated":true}]}}